termine y(j).
4
Let k(i) = -9*i**2 + 6*i + 10. Let z(r) = 11*r**2 - 5*r - 11. Let h = 315 + -309. Let y(b) = h*k(b) + 5*z(b). Calculate y(-10).
-5
Let p(f) = -30*f**3 - 23*f**2 - 13*f + 6. Let h(q) = -68*q**3 - 48*q**2 - 27*q + 10. Let u(l) = 4*h(l) - 9*p(l). Determine u(8).
-6
Let i(x) = x**2 + 6*x - 16. Let t be i(-7). Let o(g) = g + 12. Let v be o(t). Let f be ((-4)/8 + -3 + v)*4. Let k(z) = -z**2 - 4*z - 1. Calculate k(f).
3
Let q(w) be the third derivative of -5/12*w**4 + 3 - 5/3*w**3 - 1/60*w**5 + 0*w + 4*w**2. What is q(-8)?
6
Let k(a) be the third derivative of 0*a - 1/6*a**3 + 1/8*a**4 + 0 + a**2. Let p = -62 + 66. Give k(p).
11
Let d(x) = x**3 - x. Let m be 6/7 - 4134/(-371). Suppose 4*j + m = 4*k, -4*j + 1 + 7 = k. What is d(j)?
0
Let s = 18459 + -18472. Let x(m) = m + 18. What is x(s)?
5
Let b(z) = 0*z - 4 - 4*z + 18*z**2 + 3*z - 17*z**2 - z**3. Suppose 3*w + 3 = 2*g, -w + 5*w + 4 = 3*g. Give b(g).
-4
Let b(g) = 13*g**2 + 1. Let h be 4 - ((-172)/129)/((-2)/3). Calculate b(h).
53
Let x(a) = -a**3 + 9*a**2 - 15*a + 10. Let m(h) = -h**3 - 28*h**2 - 60*h - 10. Let g be m(-2). Give x(g).
28
Let a(y) = -314*y**3 - 2*y + 636*y**3 + 7*y**2 - 323*y**3. What is a(6)?
24
Let p(g) = -g**2 - 10*g - 10. Let d be (-5 - (-14 + 7)) + -296 + 0. Let n be d/42 - ((5 - 1) + -1). Calculate p(n).
-10
Suppose -5*b = 5*u, -2*u - 5*b = -0*b. Suppose u = 4*d - 0*d. Suppose 21 = v + 5*i, -i = 4*v - d*i + 11. Let a(q) = -2*q - 6. Determine a(v).
2
Let z(m) be the second derivative of -m**4/12 + 5*m**3/6 - 5*m**2 + 2*m + 419. Calculate z(4).
-6
Let z(x) = -99*x + 7*x**2 + 111*x - 1349 + 1359 + x**3. Determine z(-5).
0
Let j(v) be the third derivative of v**6/120 - 8*v**5/15 - 17*v**4/12 + 25*v**3/6 - 5983*v**2. What is j(33)?
-8
Let l = -4115 + 4130. Let p(c) = -c**3 + 16*c**2 - 13*c + 3. What is p(l)?
33
Let l(k) be the second derivative of k**5/20 - k**4/3 + k**3/2 - 2*k + 52. Suppose -w - 5*i = w + 19, i = -5. Calculate l(w).
0
Let t(u) = u**3 + 7*u**2 + 4*u + 2. Suppose 10 = 4*v - 10. Let b(n) = n**2 - 6*n + 5. Let a be b(v). Suppose a = -3*c - 16 - 2. Give t(c).
14
Let a(f) be the third derivative of f**6/120 - 2*f**5/15 + f**4/8 + 13*f**3/6 + 154*f**2 - 5. Give a(7).
-15
Let k be (9/6)/((-210)/(-28) + -7). Let l(f) be the second derivative of 30*f - 1/12*f**4 + 2/3*f**k - 3/2*f**2 + 0. What is l(5)?
-8
Let a(i) = -i**2 + 98 + 2*i**2 + 14*i - 63 - 6*i. Calculate a(-10).
55
Let g = -248 + 258. Let y(j) = -23 - j**2 - g*j + 18 + 11. What is y(-5)?
31
Suppose 0 = -3*i - 38 + 86. Suppose -4*m = 2*q + 12, -i = -q - q + 3*m. Let f(c) = -4*c - c**q + 3*c + 12 - 9 + 2*c. What is f(3)?
-3
Let d be 0/(0 + (-2 - -3)). Suppose -4*v + 7 + 20 = -5*c, d = -4*c - 2*v - 6. Let u(i) = -2 + 4*i**2 - 54*i + 208*i**3 + 32*i + 24*i - 207*i**3. What is u(c)?
1
Let u(a) be the second derivative of -a**4/6 - 3*a**3/2 + 3*a**2 - 437*a - 2. Calculate u(-5).
1
Suppose i - v = -2, 3*v + 83 - 89 = -4*i. Let a(h) = -h**2 + h + 7. Give a(i).
7
Let s(u) = -8 - 10028*u**2 - 10028*u**2 - u + 20057*u**2. Determine s(-3).
4
Suppose -99 = 6*c + 357. Let p = -73 - c. Suppose -p*s - 18 = -0*s. Let b(u) = u**3 + 7*u**2 + 8*u + 8. Determine b(s).
-4
Let n(c) = 2*c**2 + 6*c + 2. Let p(s) = -s**3 + 21*s**2 + 21*s + 22. Let m be p(22). Suppose l - 16*l - 60 = m. Determine n(l).
10
Let f be -46 + 47 + -1*4. Let n(h) = -5*h**2 + 23*h + 4. Let a(y) = 4*y**2 - 17*y - 4. Let p(s) = f*n(s) - 4*a(s). Give p(2).
-2
Suppose -1531*b - 83 = -1561*b + 7. Let q(i) be the second derivative of i**3/3 - 5*i**2/2 - 2*i. Calculate q(b).
1
Let b(l) be the third derivative of 1/24*l**4 + 0*l + 0 + 1/60*l**5 + 2*l**2 + 0*l**3. Suppose -4*q - 9 = -7*q. Calculate b(q).
12
Let f(u) = u - 28335 + 3*u - 28325 + 56637. Determine f(0).
-23
Suppose 23 - 183 = 40*u. Let y(t) = 2*t**2 - 3*t - 1. Let o(f) = -2*f**2 + 2*f + 1. Let z(v) = u*y(v) - 5*o(v). Give z(1).
3
Let z(d) = -d + 3. Let x(g) = 17*g - 21. Let t(p) = 2*p - 2. Let o(u) = -5*t(u) + x(u). Let k(q) = o(q) + 3*z(q). What is k(-2)?
-10
Let n(m) = 8*m**2 + 8*m + 7. Let k be n(-2). Suppose 0 = 10*u + k*u + 231. Let x(a) = a**2 + 4*a - 7. What is x(u)?
14
Let c(y) = 6*y**2 + 126*y - 7. Let j be c(-21). Let z(l) = -l + 24. Give z(j).
31
Suppose m - 44 = -5*x, 2*x = -2*m + 11 + 5. Let y(b) = x + 0*b - 11 - 5 + b. Calculate y(8).
1
Let r(t) = 2*t**2 + 74*t - 437. Let y be r(-42). Let u(n) = -6*n**2 - 102*n + 16. Calculate u(y).
16
Let l(a) = -2*a - 98 + a**2 + 84 + 0*a**2 - 13*a. Let b be l(16). Let s(j) = 19*j**2 + 15*j**b - 48*j**2 - 5 + 15*j**2 - 4*j. Determine s(4).
-5
Let k(d) be the third derivative of -d**4/8 + 5*d**3 - d**2 + 82. Give k(10).
0
Let o(n) = -3*n. Suppose -h = 5 - 9. Suppose 5*f - 3*z = h, z = -0*z - 3. Let y be (-4 - f) + (2 - 0). Calculate o(y).
3
Let c(m) = -12*m**3 - 1 - 81*m - 10*m**3 + 13*m**2 + 20*m**3 + 73*m. Determine c(6).
-13
Let x(w) = -3*w**3 - 4*w**2 - 38*w - 35. Let r be x(-1). Suppose 0 = 2*s - 6*s + 44. Let h(a) = -6 + 15*a**2 + 5*a - a**3 - s*a**r - 8*a**2. What is h(-5)?
-6
Let a be (10 + -14)/(0 + -1). Suppose 3*w = 16 - 7, -r + a*w - 6 = 0. Let p(g) = 10 + 2 + g - r + 0*g. Calculate p(-3).
3
Suppose -5*t - 26 = -36. Let n be 42/3 + 4/(-2)*t. Let x(b) = -b**2 + 9*b + 8. Calculate x(n).
-2
Let g(v) = v + 5. Let h = -801 - -848. Let m = 47 - h. Give g(m).
5
Suppose 2*h = -y + 14, h = y - 4*h. Let q(g) = 5*g**2 + 7*g**2 + 9 - 2700*g**3 + 1350*g**3 + 1349*g**3 - 9*g - g**2. What is q(y)?
19
Let d be 3 - ((-4)/(-10) - 52/(-20)). Let r(z) = 4*z**3 + d*z + 3*z**3 - 6*z**3 - 5*z**2 + 1 - 2*z. What is r(4)?
-23
Suppose -14*v + 214 = -276. Let g be (-16)/(-3)*(v/20 - 1). Let d(o) = -2 + o - 2 + o. Determine d(g).
4
Let r be (2/(-2))/((-1)/2). Let m(f) = -2*f**2 + 9*f**r - 1 - 5*f**2 + 3*f. Give m(2).
13
Suppose -19 + 738 = -305*g - 501. Let u(y) = y**3 + y - 1. Let d(n) = -3*n**3 + n - 5*n + 7 - n + 4*n**2. Let f(t) = -d(t) - 4*u(t). What is f(g)?
-7
Let c(w) = 2*w - 28*w + 5*w + 4*w + 2 - 3 + 30*w. Suppose -5*z = -2*o - 3, 2*z - 4*o - 1 = -3. Give c(z).
12
Let p(y) = -y**2 - y + 4. Suppose 18 = 15*w - 12. Let s(i) = -13*i + 22. Let c be s(w). Determine p(c).
-8
Let c(x) = x**3 + 12*x**2 + 32*x - 3. Let w be (2 + 10/(-3))*168/28. What is c(w)?
-3
Let p be (10/14)/(-1) + 1 - 276/(-161). Let d(l) = 36*l - 4. Determine d(p).
68
Let x(m) = 2*m**3 - 14*m**2 - 12*m - 35. Let n be x(8). Let i be 5/(n*35/(-168)). Let t(q) = -q**2 + 10*q - 7. Determine t(i).
9
Let i(d) be the first derivative of d**4/4 + 20*d**3/3 - 45*d**2/2 - 18*d + 42. Let a be i(-22). Let y(u) = -4*u + 9. Give y(a).
-7
Let g(l) = -20*l - 242653*l**2 - 2 + 3 + 485300*l**2 - 242650*l**2. Determine g(-6).
13
Let s(h) = -9*h**2 + 19*h + 24. Let g(q) = 8*q**2 - 4*q - 1. Let k(r) = g(r) + s(r). Give k(16).
7
Let x = -862 - -866. Let c be (-6)/(-8) - (x - (-49)/(-4)). Let f(o) = -o**3 + 8*o**2 + 7*o + 10. Determine f(c).
-8
Let f(a) be the first derivative of -a**3/3 - 7*a**2/2 + 27*a + 467. Determine f(-11).
-17
Let w(r) be the second derivative of -r**4/12 + 11*r**3/6 + 13*r**2/2 - 2*r. Suppose 184*n = 182*n + 4*t - 4, -3*n + 5*t + 1 = 0. What is w(n)?
1
Let n(c) = -c**2 - 10*c - 6. Let s(b) = b + 5. Let k be s(-5). Suppose 31*v + 87 - 73 = 76. Suppose 0 = m - 2, k*x = 4*x - v*m + 40. Determine n(x).
3
Let d be 0/(4*(-11)/44). Let c(a) = a**2 - a - 2. Calculate c(d).
-2
Let m = 10161 + -10162. Let w(i) = -59*i**2 + 2*i. Calculate w(m).
-61
Let t(f) = f - 10. Let l = -224 - -259. Suppose -35 = 28*d - l*d. Determine t(d).
-5
Let w be ((-6)/1 + 5)/(-1)*108. Suppose 5*h = 17*h + w. Let f(r) = -r**3 - 10*r**2 - 9*r + 4. Give f(h).
4
Let n be 3/9 - (-26)/3. Let q(t) = 78*t**2 - 5*t - 13. Let k be q(-2). Let c(r) = 309*r - k*r - r**3 - r**2 - n. Give c(0).
-9
Let j(c) = 3*c - 6. Let t be j(3). Let d(u) = 1 - 29*u**2 - 4*u - 23*u**2 + u**t + 56*u**2. Suppose 0*r + 5 = -r. Calculate d(r).
-4
Let f(p) = -p - 6. Let y(d) = -d**3 + 30*d**2 - 26*d + 76. Let v be y(29). Let s = v - 170. Calculate f(s).
1
Let t = 112 - 113. Let m(f) = 3*f - 5. Let l(g) = g - 1. Let j(p) = t*m(p) + 4*l(p). Determine j(-4).
-3
Let h(a) = -a**3 + a**2 - a - 2. Let v(d) = -3*d**3 + 15*d**2 + 12*d - 6. Let m(g) = -2*h(g) + v(g). Let o be m(14). Let f(x) = -x**2 - x - 1. Give f(o).
-3
Let y(x) = 4*x**2 - 8*x - 33. Let t b